/((-2)/(-42))?
2, 3, 179
Let h = 541 + 479. Suppose -7*x + h = -2*x. Let r = 416 - x. What are the prime factors of r?
2, 53
Let a be (1/(-2))/((12/16)/(-3)). List the prime factors of 148*1 + (a - -4).
2, 7, 11
Let z = -33 + 13. Let n = 76 - z. Let k = n - 56. List the prime factors of k.
2, 5
Let k(a) = -3*a**3 - 90*a**2 + 110*a + 1073. What are the prime factors of k(-37)?
2, 3, 29, 37
What are the prime factors of 3 - (-11295706)/151*(-1)/(-2)?
2, 59, 317
Suppose 54*k + 3*p = 53*k + 8639, 2*k - 17258 = 4*p. List the prime factors of k.
89, 97
Let q be (1/1 - -21)/(-1 + -1). Let x(z) = -17*z - 19. What are the prime factors of x(q)?
2, 3, 7
Let s(b) = -b**3 - 7*b**2 + 18*b + 27. Let u be s(-11). Let n = 60 + u. List the prime factors of n.
373
Let r be (-1 - 2961/(-12))/(2/8). Suppose -2*m = 4*o - m - r, -5 = m. Let a = -172 + o. List the prime factors of a.
3, 5
Let t = 597 + -874. What are the prime factors of 4/(-1)*t/4?
277
Let z = -12 - -76. Let t = 317 + 94. Suppose 0 = z*k - 61*k - t. List the prime factors of k.
137
Let r(o) = -o**2 + o. Let u(x) = -x**2 + 4*x + 6. Let i be u(5). Let z be r(i). Suppose -6*p - 16 = -2*p, t + 2*p - 2 = z. What are the prime factors of t?
2, 5
Let c = 38 + -38. Suppose -3*j + 4*t + 475 = c, 2*j + 3*t - 131 = 163. What are the prime factors of j?
3, 17
Suppose 4*j = 16, 0*j + 24818 = p + 2*j. Suppose 28*o - 13*o = p. List the prime factors of o.
2, 827
Let l = -43 - -44. Suppose -9 = -2*j - l. Suppose j*p - 13 = 3. List the prime factors of p.
2
Let u = 14540 - 2945. List the prime factors of u.
3, 5, 773
Let n(b) = -6*b**2 - 2. Let q(x) = x**3 - 6*x**2 + 3*x + 9. Let v be q(5). Let f(z) = -z**2. Let r(i) = v*n(i) - 2*f(i). What are the prime factors of r(3)?
2, 37
Let a(z) = 2*z**3 + 19*z**2 + 7*z - 9. Let q be a(-9). Suppose q*m = 12*m - 21. Suppose -3*i - 840 = -m*i. What are the prime factors of i?
2, 3, 5, 7
Suppose -5*f + f - 2768 = -p, 3*p + 2*f - 8248 = 0. What are the prime factors of p?
2, 43
Let g = 159 - 155. Suppose 0*s - s + 17 = -3*v, g*v = -s - 18. List the prime factors of s.
2
Suppose 0 = -x - 3, -14*x - 175 = 5*s - 9*x. Let p(q) = q**3 + 31*q**2 - 38*q + 6. List the prime factors of p(s).
2, 3, 11
Let o(q) = 14670*q**2 + 35*q - 26. What are the prime factors of o(-2)?
2, 3, 2441
Suppose 62*z - 24668 + 3229 = 59161. List the prime factors of z.
2, 5, 13
Let t = 103974 + -66133. List the prime factors of t.
79, 479
Suppose -4*w + 2 = -2. What are the prime factors of w/(-5) + 1741/5?
2, 3, 29
List the prime factors of (-65447)/(-7) + -20*45/(-2100).
2, 5, 11, 17
Let u(m) = m**3 + 3*m**2 - 6*m - 6. Suppose -4*b = -s + 8 + 5, 24 = -3*b - 4*s. Let h be u(b). What are the prime factors of (-21*10/(-9))/(h/3)?
5, 7
Let k = 513 - 503. What are the prime factors of k/(-3) - 24/36 - -718?
2, 3, 7, 17
Let q be (2 - 3)/((-5)/5). Let k be (-48)/(-32) + q/2. Suppose 0 = 3*j - 2*v - 150, k*j = -v + 36 + 71. What are the prime factors of j?
2, 13
Let u = -17243 + 29049. List the prime factors of u.
2, 5903
Suppose 45*n - 43*n = 118. Suppose 40*o = n*o - 9614. List the prime factors of o.
2, 11, 23
Let j(w) = -12*w**2 + 7*w - 22. Let r(x) = -50*x**2 + 29*x - 89. Let b(v) = -9*j(v) + 2*r(v). What are the prime factors of b(6)?
2, 139
Suppose -2*k + 12702 = -6*w, 0 = -3*k - 2*w + 11942 + 7155. List the prime factors of k.
3, 7, 101
Let o(a) = 163*a**2 + 55*a - 360. What are the prime factors of o(6)?
2, 3, 7, 139
Suppose 0 = -3*j - n - 68, 0 = -5*j - 3*n - 46 - 62. Let s = 247 - j. List the prime factors of s.
271
Let i be -1*(-46)/(-2)*-593. Suppose -i = -7*j + 3133. List the prime factors of j/30 - (-28)/210.
2, 5
Suppose -4*l + h + 914 = -h, 0 = -2*l + 4*h + 460. Let v = l - 85. List the prime factors of v.
11, 13
Let r(x) = -129*x**3 + 9*x**2 + 9*x - 5. Let b be r(-6). Suppose -8289 = 31*h - b. What are the prime factors of h?
2, 5
Let i = 580 + -51. Let a = -176 + i. What are the prime factors of a?
353
Suppose -3*w + w - x = 2005, 3*w + 3*x + 3003 = 0. Let i = -567 - w. List the prime factors of i.
19, 23
Let l(b) = 135*b + 347. Let k(j) = -2*j - 1. Let i(w) = 3*k(w) - l(w). List the prime factors of i(-12).
2, 11, 61
Suppose 51*o = 19*o + 33*o - 19375. What are the prime factors of o?
5, 31
Let q = -66 - -65. List the prime factors of (22593/(-357))/(q/7).
443
What are the prime factors of (-506430)/(-55) - 3/132*-8?
2, 1151
Suppose -3*l - 2*y = 63, 53 = -l - 58*y + 52*y. Let d be 21*(2 + -1 + 0). Let o = d + l. What are the prime factors of o?
2
Suppose -6661 = -3*f - 4*d, f + f + 3*d - 4440 = 0. What are the prime factors of f?
3, 13, 19
Let g(k) = k - 9. Let y be g(4). Let f(d) = -73*d + 13. List the prime factors of f(y).
2, 3, 7
Let n(q) = q**2 - 10*q + 27. Let m be n(6). Let x be ((-183)/(-5))/m - (-17)/(-85). List the prime factors of 5/2*13/(130/x).
3
Let u(w) = 3 + 0*w - 2*w - 5. Let k be u(0). What are the prime factors of 4/3*(-33)/k?
2, 11
Suppose -43*l - 1083 = -33892. List the prime factors of l.
7, 109
Let n(l) be the third derivative of -3*l**2 - 2/3*l**3 + 1/6*l**4 + 0*l + 0. List the prime factors of n(5).
2
Let b(y) = 2*y**2 + y - 56. Let m = 479 - 463. List the prime factors of b(m).
2, 59
Suppose -3*l + 4584 = 19*y - 24*y, 0 = -l - 5*y + 1528. What are the prime factors of l?
2, 191
Let b(r) = 183*r - 118. Let u = -382 + 387. List the prime factors of b(u).
797
Let u = 55 + -39. Suppose -2*o - w + u = -8, w = -o + 14. Let f = o + 31. What are the prime factors of f?
41
Suppose 2*q + 2*s = 0, -6*q + 11*q - 5*s = 0. Suppose 0 = -2*x + g + 453 + 483, q = -x - 4*g + 450. List the prime factors of x.
2, 233
Suppose -2017820 = 193*u - 96*u - 168*u. What are the prime factors of u?
2, 5, 7, 29
Suppose 7*n - 163 = -170. What are the prime factors of (1 - (-31)/n)*5/(-3)?
2, 5
Suppose j - 16973 = -5*k + 34500, -4*k + 154375 = 3*j. List the prime factors of j.
3, 5717
Let q = -2 - -4. Suppose 6*r = r + 4*n + 223, q*r - 2*n = 88. Let x = 135 + r. List the prime factors of x.
2, 7, 13
Suppose -69*s + 66*s = -31563. Suppose -2*v = -23*v + s. What are the prime factors of v?
3, 167
Suppose -10*z - 3210 = 5*z. Let c = -30 - z. List the prime factors of c.
2, 23
Let f = -316 + 321. Suppose -f*x + 3*j + 1458 = 0, 3*j + 355 = 2*x - 230. List the prime factors of x.
3, 97
Suppose -4687*q - 760464 = -4723*q. List the prime factors of q.
2, 5281
Let t = 217 - 222. Let v(c) = 30*c**2 - 2*c - 24. What are the prime factors of v(t)?
2, 23
Suppose -3*v - 1413 = 648. Let r = v - -1352. What are the prime factors of r?
5, 7, 19
Suppose -119 = 4*b + 5*p, 77 = -6*b + 4*b + p. What are the prime factors of b/270 + (-7607)/(-15)?
3, 13
Suppose -38*i + 7*i = -217. Suppose 2*t - 275 = -3*a, -8*t + 150 = -i*t + 4*a. List the prime factors of t.
2, 5, 13
Let a be (-10)/((-4 - (-5 - -4)) + 1). Suppose 7*n - 1243 = a*n - 3*x, -n - 4*x = -629. What are the prime factors of n?
617
Let o = -142 - -144. Suppose d + o*n - 6*n - 246 = 0, d - 236 = -n. List the prime factors of d.
2, 7, 17
Let b be -41 - -32 - (0 - 11). Suppose -2*g + 32 = -0*g. Suppose p = -c - b*p + g, p = -2*c + 47. What are the prime factors of c?
5
Let u = 6981 - 3981. What are the prime factors of u?
2, 3, 5
Let g(k) = -4*k**2 + 80*k + 54. Let f be g(20). Suppose 16*b + 53542 = f*b. List the prime factors of b.
1409
Let r = -8981 + 65378. What are the prime factors of r?
3, 11, 1709
Suppose 11*n - 15*n + 12 = 0. Suppose -n*b + 4 = -5. Suppose -552 = q - 4*q - b*v, -4*q + 2*v = -712. List the prime factors of q.
2, 3, 5
Let u(p) = 9105*p + 2483. List the prime factors of u(2).
20693
Let u(a) = 2*a**3 + 25*a**2 - a - 15. Suppose 30 = 3*v - 6*v. What are the prime factors of u(v)?
3, 5, 11
Let a(w) be the second derivative of -w**3/2 - 10*w**2 + w. Let h = -2285 - -2277. What are the prime factors of a(h)?
2
Suppose -14309*l = -14305*l - 16092. List the prime factors of l.
3, 149
What are the prime factors of (40946/10)/(((-644)/280)/(-23))?
2, 59, 347
Let y(v) = v**2 + 7*v + 10. Suppose 2*j - 10 = 4*j. Let w be y(j). Suppose 6*d - 479 - 55 = w. List the prime factors of d.
89
Suppose 0*y + y = -8. Let k be (y/6)/((-2)/201). Let s = -75 + k. List the prime factors of s.
59
Suppose -x = 3*x + 3*x. Suppose 76*p - 81*p + 6685 = x. What are the pri